*m**2 - 8*m - 21. Calculate n(c).
-31
Let o(m) = m**3 + 8*m**2 + 15*m + 2. Suppose 0 = 3*i - 6*k + 10*k + 15, -4*i - 20 = -3*k. Determine o(i).
2
Suppose 0 = 2*p - 4 + 58. Let c be 6/((-6)/p*-3). Let s(h) = -h**2 - 10*h - 5. Give s(c).
4
Suppose -2*t + 18 = -3*r - 5, 4*r = 3*t - 31. Let c(j) = -3*j**2 + 3*j + 16. Let w(s) = 4*s**2 - 2*s - 18. Let k(n) = -5*c(n) - 4*w(n). Determine k(r).
-8
Let v be (-10)/(-6)*(-72)/(-20). Suppose 14 + 16 = -v*z. Let o(m) = m**2 + 6*m + 6. What is o(z)?
1
Let r(i) = 2*i**2 - 1. Suppose 8 = 3*k - 1. Let m be (-32)/20 + k - 4/10. Suppose -v - 2*v - 4*c = m, -1 = -3*v - 2*c. Determine r(v).
1
Let z(y) = 4. Let n(m) = -m. Let h(c) = -5*n(c) + z(c). Let t(b) = -b**2 - 29*b - 31. Suppose -5*w = 65 + 75. Let o be t(w). Determine h(o).
-11
Let g(z) = -7*z**2 + 1. Let u(d) = -d**2 + 36*d + 5. Let x be u(36). Suppose 2*s = -b + 2 - 5, 2*s + 23 = -x*b. Determine g(s).
-6
Let h(o) = -74 - 72 + 224 - 74 + 7*o. Let r(b) = -1. Let q(n) = -h(n) - 5*r(n). Calculate q(-1).
8
Let l(b) = -b**3 - 6*b**2 + 2*b + 3. Let z(r) = -48*r + 2*r**3 + 7*r**2 + 21*r + 25*r - 4. Let v(o) = 3*l(o) + 2*z(o). What is v(4)?
9
Let o(v) = 6*v + 416. Let m be o(-37). Let k(j) = m*j + 196*j + j**2 - 587*j + 200*j. Calculate k(-2).
-2
Let d be 3*((-20)/(-4))/5. Suppose d*g - 2 = 4. Let c(u) = u + 0*u**2 - 2*u + u**g - 1 + 0*u. What is c(2)?
1
Let u(m) = -2*m**3 - 6*m**2 + 2*m - 6. Let o be (-39)/7 + (4200/147 - 28). Determine u(o).
84
Let g = 188 - 184. Let z(m) = 2*m**3 - 30*m**2 - 13*m + 23. Let n(a) = a**3 - 16*a**2 - 7*a + 12. Let u(r) = 11*n(r) - 6*z(r). Give u(g).
-2
Suppose -484 = 2*w - 3*b - 505, 3*w - 23 = -4*b. Let c(u) = -9*u - 18. Determine c(w).
-99
Suppose -o + 210 = 2*o. Let a be ((-18)/14 - -1) + 12340/o. Let l(f) = 339 - a - 2*f - 168. Calculate l(-6).
7
Let h(f) = f**3 + 9*f**2 + 8*f + 7. Let l be 62*(-3)/(-6) + -4. Suppose -2*g = l - 21. Let y be g/(-9) - 50/6. Determine h(y).
7
Let q(l) = -3*l**3 + 14*l**2 + 11*l. Let n(u) be the third derivative of 2*u**6/15 - 71*u**5/60 - 9*u**4/4 - 125*u**2. Let z(g) = -2*n(g) - 11*q(g). Give z(13).
0
Let j(s) = -5*s**3 + 44*s**2 + 9*s + 18. Let h(c) = 4*c**3 - 38*c**2 - 8*c - 17. Let m(a) = -6*h(a) - 5*j(a). What is m(-7)?
40
Let y(t) be the third derivative of -t**5/30 + 11*t**4/24 + 79*t**3/6 - 5*t**2 + 8. Let h(n) be the first derivative of y(n). Calculate h(4).
-5
Suppose -v + 8 + 2 = -3*q, -5*v = 5*q + 30. Let c(r) = -15*r**2 - 2*r + 1. Give c(v).
-55
Let x(k) be the second derivative of -k**5/60 + k**4/12 + 5*k**3/6 + 74*k**2 - 4*k + 10. Let u(b) be the first derivative of x(b). Calculate u(4).
-3
Let g(h) be the second derivative of 5*h**3/2 - 37*h**2/2 - 12*h + 103. Give g(4).
23
Let p(o) = o**2 + 3*o + 6. Let t(k) be the first derivative of k**4/4 + 3*k**3 - k**2/2 + 15*k - 19. Let q be t(-9). Let x be 16/(-3) + q/(-36). What is p(x)?
24
Let y(w) = -11 + w**2 - 9*w**2 - w**3 - 29*w + 0*w**3 - 3*w**2. Let i be y(-7). Let l(z) = z**2 + 3*z - 5. Determine l(i).
-1
Let i(f) = 43*f - 136. Suppose -35*w - 237 = -64*w - 50*w. Determine i(w).
-7
Let o(h) = 2*h**2 + 33*h - 10. Let w be o(0). Let q(v) = -7*v - 51. Give q(w).
19
Let t(o) = 7*o**3 - 12*o**2 - o - 11. Let b = 9 - 12. Let u(p) = -432*p + 5 + 433*p - 3*p**3 - p**3 + 6*p**2. Let v(j) = b*t(j) - 5*u(j). Calculate v(6).
-4
Suppose -b = 18 - 28. Let p be (b/(-15))/(4/(-12)). Let d(h) = h + 48*h**3 - 47*h**3 + 1 - 3*h**2 - 3. Give d(p).
-4
Let f be 3 + 2 - (-2 - -2). Suppose f*r + 6*r + 220 = 0. Let q be 2 - ((-2)/3)/(r/30). Let v(z) = 11*z**3 - z. Determine v(q).
10
Let b(l) = -l - 7. Let h(t) = -t**2 - 5*t + 56. Let n(r) = -5*r**2 + r. Let d be n(0). Let j be (-3)/(-3)*(-12 + 2 - d). Let k be h(j). What is b(k)?
-13
Let f(m) = -7*m**3 + 9*m**2 - 19*m + 10. Let t(i) = -394*i - 3*i**3 + 5 + 194*i + 191*i + 5*i**2. Let r(w) = -2*f(w) + 5*t(w). Determine r(6).
-1
Let h(g) = g**3 - 4*g**2 + 3*g + 2. Let i(z) = 3*z - 4*z + 3 - 6*z**3 - 15*z - 10*z**2 + 5*z**3. Let c be i(-8). Give h(c).
2
Let n = 37 - 34. Suppose -17 = -9*o + 91. Let v(f) = 4*f + 2 - o*f - n + 6*f. Give v(2).
-5
Let y(c) = 23*c + 17. Let b(l) = -263*l - 794. Let q be b(-3). Give y(q).
-98
Let v(u) = -u**3 - u - 13. Suppose 0 = -0*j - 4*j, j + 8 = 4*f. Suppose -9 - 1 = -f*d. Suppose -5*b + d*h = 0, 0 = -5*b + 4*b - h. Determine v(b).
-13
Let i(q) = -2967*q + 2948*q - 57 - 41. Give i(-5).
-3
Suppose 75*t = -i + 70*t - 6, -3*i - 66 = -t. Let n(x) = 2*x + 50. Calculate n(i).
8
Let g = 7 - 3. Let r(v) be the second derivative of v**4/12 - v**3/6 - 7*v**2/2 - 19546*v. What is r(g)?
5
Let y(r) = -72*r - 582. Suppose -5*u - 52 = -2*m, 3*u - 4808*m = -4812*m. Calculate y(u).
-6
Suppose -2*t = -8 - 2. Suppose -t*h + h = 40. Let i(g) = 10*g**2 - 1 - 2*g - 74*g**3 + g + 147*g**3 - 10 - 72*g**3. Calculate i(h).
-1
Let k be (6/9)/((-8)/(-24)). Let a(z) be the second derivative of 0*z**3 + 20*z + 0*z**k + 0 - 5/6*z**4. Calculate a(-1).
-10
Let k(q) = 50*q**2 - 8*q - 12. Let s(b) = -43*b**2 + 9*b + 9. Let g(c) = -6*k(c) - 7*s(c). What is g(7)?
-47
Let f(m) = m**2 - 34*m - 2982. Let k be f(74). Let n(d) = -4*d - 128. What is n(k)?
-40
Let u(w) = w**3 + w**2 - 4*w - 3. Let d(j) = -j**3 + 3*j + 2. Let q = -91 + 90. Let p(h) = -2*h + 2. Let o be p(q). Let x(r) = o*u(r) + 5*d(r). Give x(3).
4
Let g(p) = p - 7. Suppose -4*k = -2*k - 4*t + 20, k + 20 = 4*t. Suppose -h - 2*u = k, -2 = 5*h - u + 53. Give g(h).
-17
Let p(r) = -7*r - 1. Suppose 3*t - 535 = -2*f, -4*t = -2*f - 0*f - 704. Let n = 176 - t. What is p(n)?
6
Let c(p) be the third derivative of -2/15*p**5 - 3/8*p**4 - 1/120*p**6 + 0*p - 5/3*p**3 - 8 + 4*p**2. Give c(-7).
4
Let x(m) = -3*m**3 - 37*m**2 - 27*m - 7. Let l(g) = -12*g + 10 - g**3 - 12*g**2 + 0*g + 3*g - 12. Let a(u) = 7*l(u) - 2*x(u). What is a(-9)?
0
Let r(o) = -o**3 + 31*o**2 + 29*o - 37. Suppose -g - 5*u + 37 = 0, -33 = -5*g + 2*u + 125. Let y be r(g). Let j = y - -138. Let n(c) = c - 3. Calculate n(j).
2
Let c be -1*4/14 + (340/14 - 5). Let u(j) = -j**3 + 3*j**2 + 6*j**2 + 23 + 9*j**2 + 1 + 18*j. Give u(c).
5
Let l(r) be the second derivative of 4*r**3 + 58*r**2 - 2*r - 1014. Determine l(-5).
-4
Suppose 0 = -4*l - 56*m + 54*m + 10, 33 = -5*l + 4*m. Let j(b) = -b**3 - 2*b**2 + 8*b + 5. Determine j(l).
-4
Let m(l) = -4*l**3 + 0*l**3 + 3*l - 5*l + 3*l**3 - l**2 + 14. What is m(0)?
14
Let q(b) = -8*b + 132. Let v be q(18). Let o be -6*(102/119 - v/(-63)). Let r(w) be the second derivative of w**4/12 + w**3/2 + w. Determine r(o).
4
Let m(x) be the first derivative of x**3/3 + 4*x**2 + x - 7225. Let p(f) = -9*f**3 + f**2 - 1. Let q be p(1). Give m(q).
10
Let l(p) = -2*p**2 + 8*p - 4. Let h be l(3). Let z(w) = -2 + h + 1 - 15*w. Let y(v) = v**3 - 4*v**2 - 6*v + 6. Let s be y(5). Give z(s).
-14
Let q = 1558/39 + -515/13. Let r(i) be the third derivative of 1/60*i**5 + 0 - q*i**3 - 1/12*i**4 + 14*i**2 + 0*i. What is r(4)?
6
Let g(v) = 1467*v + 3*v**2 - 692*v - 733*v - 9. Calculate g(-14).
-9
Let x = -869 - -868. Let i(h) = -80*h - 73. Let f be i(x). Let b(t) = -t**2 + 7*t - 9. Calculate b(f).
-9
Let p(u) = -4*u**3 + 4*u**2 + 6*u + 5. Let r = -816 + 814. Give p(r).
41
Let h(n) = -2*n**2 + 2*n - 16. Let r(z) = -z**2 + z - 5. Let a(v) = 6*h(v) - 21*r(v). Let p(i) = -2*i**2 + i - 2. Let m(f) = a(f) + 6*p(f). What is m(-2)?
-9
Let g(r) = -4*r - 2. Let c(u) = -u + 1. Let p(q) = 5*c(q) - g(q). Suppose -6*s + 5*k - 25 = -3*s, 0 = 3*s + 5*k - 25. Give p(s).
7
Suppose 4*o - 22*f = -21*f + 18, -21 = 3*o + 5*f. Let s(b) = -10*b + 27. What is s(o)?
-3
Let b be (4*-12)/(-8) - 6. Suppose 37*u - 40*u + 27 = -3*i, b = 3*u - 2*i - 22. Let g(p) = 6*p + 4. Determine g(u).
28
Let f(g) = g**3 - 13*g**2 - 14*g + 9. Suppose -19 = 9*m - 1. Let j be 5/m*1092/(-195). Calculate f(j).
9
Let v(d) be the second derivative of -d**3 + 0*d**2 + 21 - d - 1/12*d**4. Determine v(-6).
0
Let b(h) = h**3 - 10*h**2 - 2*h - 8. Let i be 8*(-13)/(260/(-25)). What is b(i)?
-28
Let v be 7/(-14) - (790874/(-4) - 0). Let u(n) = 197718*n**2 + n - v*n**2 - 16*n**3. Give u(1).
-15
Let w(h) = -2*h**3 - 12*h**2 - 17. Let u(o) = -2*o**3 - 10*o**2 + 2*o - 16. Let m(v) = 3*u(v) - 2*w(v). Calculate m(-4).
-6
Let v be (7 + -3)*(0 - (-59)/(-2)). Let l = v - -110. Let s(h) = -h - 3. What is s(l)?
5
Let v(t) = -t**2 - t + 14. Suppose 0*l + 3